r of c and t?
8
Suppose -q + 36 = 3*q. Let x = 18 + q. Calculate the greatest common factor of 27 and x.
27
Let y = 2 - -11. Let i = 26 + 39. What is the highest common factor of i and y?
13
Let p(j) = 9*j**3 + j**2 + j - 1. Suppose 20 = 2*s + 4*c, -3*s - 5*c = -c - 22. Let d be p(s). Calculate the highest common divisor of 11 and d.
11
Suppose y - 2*h = 0, -17*y + 20 = -13*y + 2*h. Calculate the highest common factor of y and 4.
4
Let f = 14 - 1. Let a(o) = 4*o**2 - 3*o + 3. Let j be a(2). What is the greatest common factor of j and f?
13
Let h be (5 - 2) + 2 + 1. Suppose h*z - 144 = 3*z. Suppose -2*n + 3*n = 8. What is the highest common factor of z and n?
8
Let r = 70 + -59. What is the highest common factor of r and 44?
11
Suppose -4*q = 3*w - 2*w + 46, -5*w + 5*q = 130. Let y be -3 - 9/3*3. Let l be (-8)/y*w/(-2). What is the highest common factor of 25 and l?
5
Let x(d) = 2*d**2 + 26*d + 41. Let y be x(-18). What is the greatest common factor of y and 13?
13
Let j = -15 + 20. Suppose 92 = 3*g - 0*r + 4*r, 2*g = -j*r + 73. Let d = 114 + -78. Calculate the highest common divisor of d and g.
12
Suppose d - 1 = -5*s - 6, -95 = -4*d + 3*s. Calculate the highest common divisor of d and 8.
4
Let p(d) be the third derivative of d**5/30 - d**4/8 - 2*d**3/3 + 3*d**2. Let z be p(6). What is the highest common divisor of 10 and z?
10
Let h be (-4)/(-10) - (-43)/5. Suppose 4*l - 33 = -h. What is the highest common factor of l and 54?
6
Suppose -k = -2*k + 2*g - 2, -3*g + 45 = -5*k. Let q be (-7)/2 - (-5)/10. Let l be 0 - (-6)/q - k. What is the greatest common divisor of l and 20?
10
Let n be -1 - (0 + -1 + -16). Calculate the highest common factor of n and 2.
2
Suppose 3*s = -27 + 123. Let f(t) = -t**3 - 21*t**2 - t - 5. Let v be f(-21). Calculate the highest common divisor of s and v.
16
Let o(k) = -k + 1. Let u be o(-3). Suppose 0 = -u*a - a + 75. Calculate the highest common factor of 15 and a.
15
Let c(t) = 4*t**2 - t - 1. Let p be c(-1). Let d = p + -1. What is the highest common divisor of 6 and d?
3
Let j(p) = 8*p + 2. Let k(s) = -s**3 - 5*s**2 + 6*s + 2. Let z be k(-6). Let g be j(z). Let i = g - 9. What is the greatest common factor of i and 81?
9
Let h(q) = -3*q + 38. Let x be h(8). Calculate the greatest common divisor of x and 28.
14
Let i be (-8)/10*10/(-1). Let v be (-3)/(10/8 - 2). Let a be (-3)/(-5) + v/10. Calculate the greatest common factor of a and i.
1
Suppose -y - 4*u - 4 = 0, 4 = -y + 2*u - 0. Let f be 2/4*(-32)/y. Calculate the highest common divisor of 4 and f.
4
Suppose 0 = -2*g + g + 6. What is the greatest common factor of 12 and g?
6
Let b(g) = g**3 + 8*g**2 + 3*g + 9. Let z be b(-7). What is the greatest common factor of 74 and z?
37
Suppose 3*b - 12 = 0, 0 = -5*w + b + 4 + 2. Let f be 48/w + 0/(-3). Let a = 43 - f. Calculate the greatest common divisor of a and 152.
19
Let f(r) = -r**3 - 30*r**2 + 2*r + 69. Let m be f(-30). Calculate the highest common divisor of m and 117.
9
Suppose 2*w = -0*w - 2*r + 6, 2*r = 5*w - 8. Let y(j) = 25*j**2 - 1. Let o be y(w). Calculate the greatest common factor of o and 9.
9
Let u = 2 + 3. Let q = 5 - 3. Suppose q*v - 10 = -0*v. Calculate the highest common factor of u and v.
5
Let o(l) = 2*l**2 - 6*l + 4. Let d be o(5). Calculate the greatest common factor of d and 3.
3
Let t = 75 - 21. What is the highest common factor of 6 and t?
6
Let s = 9 + -3. Let r be 137/9 - s/27. What is the highest common divisor of r and 75?
15
Suppose 3*h + q - 3 = 0, 2*h - 4*q = 2 - 0. Let b = h - -1. Suppose -b*x - 4*o - o = -90, x + o - 42 = 0. What is the highest common divisor of 8 and x?
8
Let h(q) = -q**3 + 23*q**2 - 19*q + 55. Let c be h(22). Calculate the highest common factor of c and 11.
11
Suppose -20 = 5*x - 6*x + 4*l, -4*x - 4*l + 40 = 0. Suppose z + 1 = 2*y + x, -24 = -2*z + 2*y. What is the highest common factor of z and 13?
13
Let j(r) = r**2 - 4*r - 1. Let x be j(5). Suppose 3*f + 183 = x*l, l - 2*f - 186 = -3*l. Calculate the highest common factor of 6 and l.
6
Let p = 133 - 83. Suppose o - 190 = -2*o + 5*q, o - p = -5*q. Calculate the greatest common factor of 40 and o.
20
Let n be (90/(-4))/(6/(-8)). Suppose 2*m = o - 0*m + 8, 0 = -4*o - 4*m + 28. Let y be ((-4)/o)/(6/(-60)). What is the highest common divisor of y and n?
10
Let u = -10 - -36. What is the highest common factor of u and 104?
26
Let g = -21 - -47. Let t = g + 70. Calculate the greatest common factor of 12 and t.
12
Suppose -52*f = -50*f - 154. What is the greatest common divisor of 7 and f?
7
Suppose -293 = -8*d + 827. What is the greatest common divisor of d and 35?
35
Let q(f) = -f**3 - f**2 - 1. Let r(o) = -10*o**3 - 6*o**2 - 2*o - 6. Let t(p) = -3*q(p) + r(p). Let c be t(-2). What is the greatest common factor of c and 5?
5
Let j = -3 + 26. Let k = 102 - 70. Let g = k - j. What is the greatest common factor of 72 and g?
9
Let t(p) = p + 14. Let q be t(-4). Calculate the greatest common factor of q and 90.
10
Let d = 80 - 36. Suppose 2*o = -0*o + d. What is the greatest common divisor of 11 and o?
11
Suppose -o - 265 = -1257. Let r be 8/(-44) + o/11. What is the highest common divisor of r and 36?
18
Suppose 0 = 4*h - 2*c - 54, -3*c = -5*h + c + 60. What is the greatest common factor of h and 8?
8
Suppose 10 = 3*d - 17. Let n = 21 - d. Let y = 56 - 38. What is the greatest common factor of y and n?
6
Let t be 12/((-5)/(-2) + -1). Let g = -2 - -25. Suppose s = -5*n + g, -s + 29 = 3*s - n. Calculate the greatest common divisor of t and s.
8
Let v be ((-2)/2)/(6/12). Let n be v/(-5) + (-46)/(-10). What is the greatest common factor of n and 5?
5
Let g be (-6)/(-9) - 7/(-3). Suppose 0 = -5*u + 5*a + 25, g*u + 6 = a + 25. Calculate the greatest common divisor of 21 and u.
7
Suppose 0*t + t + 5*h = -19, -3*t - 35 = 4*h. Let g = t + 10. What is the greatest common factor of 1 and g?
1
Suppose -j + x - 1 - 43 = 0, -5*j - 222 = -3*x. Let h be 10/j - (-56)/9. What is the highest common factor of h and 12?
6
Suppose -285 = 4*z - 7*z. Let j(d) = d**2 + 3*d + 1. Let h be j(3). What is the greatest common factor of z and h?
19
Let z be (-1)/5 + (571/5 - 2). What is the highest common divisor of z and 16?
16
Let f(c) = 9*c + 25. Let m be f(7). Let j(p) = p + 6. Let w be j(5). What is the greatest common divisor of m and w?
11
Let b = 6 - 7. Let r = b + 7. Calculate the greatest common divisor of r and 30.
6
Let s be (-1)/((5 + -2)/(-51)). Let n be (-1068)/(-9) - (-1)/3. What is the greatest common factor of n and s?
17
Let z = 82 - 37. Calculate the highest common divisor of 30 and z.
15
Let u = -325 - -591. Calculate the greatest common factor of u and 14.
14
Let b = 13 + -19. Let g = b + 30. What is the highest common divisor of g and 4?
4
Let o(u) = 3*u**3 - 8*u**2 - 5*u + 1. Let f be o(6). Suppose 549 = 5*w - f. What is the greatest common divisor of w and 16?
16
Suppose -4*q - 309 - 86 = 5*s, 171 = -2*s + q. Let r = s - -146. Calculate the greatest common divisor of r and 9.
9
Let o be (16/15)/4*-6*-5. What is the greatest common factor of 2 and o?
2
Let r = 14 + -7. Calculate the greatest common divisor of r and 49.
7
Suppose 80 = 4*z - 0*z. Suppose 4*m - 86 + 6 = 0. What is the greatest common divisor of z and m?
20
Let n(b) = 5*b**2. Let t be n(2). What is the greatest common divisor of 20 and t?
20
Suppose -w - 54 = -2*w + 3*s, -330 = -5*w - 5*s. Let v = w - 45. Suppose -3*i = -2*i + 3*q - v, -q = 1. What is the greatest common divisor of i and 14?
7
Suppose -o + w + 5 = 0, -2*w + 4 - 2 = 2*o. Suppose o*a = -a + 4. What is the highest common divisor of 2 and a?
1
Suppose 0 = -3*r + 3*l + l + 39, 6 = -r - 5*l. Calculate the greatest common divisor of 63 and r.
9
Let y(f) = -19*f - 5. Let t be y(-1). Calculate the greatest common divisor of 14 and t.
14
Suppose -4*y + 2*f = -536, -y = f - 123 - 17. Suppose 7*i - y = 3*i - 4*h, 0 = -5*i + 3*h + 154. Calculate the greatest common divisor of i and 4.
4
Suppose -45 = -3*n + 51. What is the greatest common divisor of n and 32?
32
Suppose 5*q = -2*b + 75, -4*b + 102 = q - 39. What is the greatest common divisor of 14 and b?
7
Suppose -2*o - 2*n - 20 = 0, -2*o = 4*n + 34 - 10. Let c be ((-20)/3)/(1/3). Let z = o - c. Calculate the highest common divisor of z and 12.
12
Let i = 